{"id":58,"date":"2020-04-29T14:01:26","date_gmt":"2020-04-29T14:01:26","guid":{"rendered":"http:\/\/bootsverleih-biggesee.de\/?page_id=58"},"modified":"2025-04-25T17:51:45","modified_gmt":"2025-04-25T17:51:45","slug":"angelfreunde","status":"publish","type":"page","link":"http:\/\/bootsverleih-biggesee.de\/?page_id=58","title":{"rendered":"Angelfreunde"},"content":{"rendered":"\n<p class=\"has-text-align-left\">Angelfreunde kommen bei uns am Biggesee voll auf ihre Kosten, da dieser reich an Fried- und Raubfischen ist.<\/p>\n\n\n\n<p class=\"has-text-align-left\">Um dem kapitalen Fang noch n\u00e4her zu kommen, miete Sie doch eines unserer Angelboote.<\/p>\n\n\n\n<p class=\"has-text-align-left\">Die Mietzeit ist von 08:00 Uhr- 19:00 Uhr nach schriftlicher Voranmeldung. <\/p>\n\n\n\n<p><\/p>\n\n\n\n<h2 class=\"wp-block-heading\">Angelboot Barsch <\/h2>\n\n\n\n<figure class=\"wp-block-gallery has-nested-images columns-default is-cropped wp-block-gallery-1 is-layout-flex\">\n<figure class=\"wp-block-image size-large\"><img decoding=\"async\" loading=\"lazy\" width=\"1024\" height=\"768\" data-id=\"548\"  src=\"http:\/\/bootsverleih-biggesee.de\/wp-content\/uploads\/2025\/04\/img_20250425_1712301850594906681655979-1024x768.jpg\" alt=\"\" class=\"wp-image-548\" srcset=\"http:\/\/bootsverleih-biggesee.de\/wp-content\/uploads\/2025\/04\/img_20250425_1712301850594906681655979-1024x768.jpg 1024w, http:\/\/bootsverleih-biggesee.de\/wp-content\/uploads\/2025\/04\/img_20250425_1712301850594906681655979-300x225.jpg 300w, http:\/\/bootsverleih-biggesee.de\/wp-content\/uploads\/2025\/04\/img_20250425_1712301850594906681655979-768x576.jpg 768w, http:\/\/bootsverleih-biggesee.de\/wp-content\/uploads\/2025\/04\/img_20250425_1712301850594906681655979-1536x1152.jpg 1536w, http:\/\/bootsverleih-biggesee.de\/wp-content\/uploads\/2025\/04\/img_20250425_1712301850594906681655979.jpg 2000w\" sizes=\"(max-width: 1024px) 100vw, 1024px\" \/><\/figure>\n\n\n\n<figure class=\"wp-block-image size-large\"><img decoding=\"async\" loading=\"lazy\" width=\"1024\" height=\"768\" data-id=\"550\"  src=\"http:\/\/bootsverleih-biggesee.de\/wp-content\/uploads\/2025\/04\/img_20250425_1712144122117904652107038-1024x768.jpg\" alt=\"\" class=\"wp-image-550\" srcset=\"http:\/\/bootsverleih-biggesee.de\/wp-content\/uploads\/2025\/04\/img_20250425_1712144122117904652107038-1024x768.jpg 1024w, http:\/\/bootsverleih-biggesee.de\/wp-content\/uploads\/2025\/04\/img_20250425_1712144122117904652107038-300x225.jpg 300w, http:\/\/bootsverleih-biggesee.de\/wp-content\/uploads\/2025\/04\/img_20250425_1712144122117904652107038-768x576.jpg 768w, http:\/\/bootsverleih-biggesee.de\/wp-content\/uploads\/2025\/04\/img_20250425_1712144122117904652107038-1536x1152.jpg 1536w, http:\/\/bootsverleih-biggesee.de\/wp-content\/uploads\/2025\/04\/img_20250425_1712144122117904652107038.jpg 2000w\" sizes=\"(max-width: 1024px) 100vw, 1024px\" \/><\/figure>\n<\/figure>\n\n\n\n<p>Das Angelboot &#8222;Barsch&#8220; ist mit&nbsp;55lbs Elektromotor, 2 Drehsitzen, Anker, Schleppfahne, Schlepprutenhaltern, 3er Rutenst\u00e4nder und Notpaddel ausgestattet.<\/p>\n\n\n\n<p>pro Tag \u2013 95,00\u20ac <\/p>\n\n\n\n<p>Wir erheben eine Kaution von 200 Euro f\u00fcr ein Angelboot in bar.<\/p>\n\n\n\n<p>Echolot (Lowrence Humminbird Helix 7) optional&nbsp;15 Euro \/ Frontmotor (Haswing 55lbs mit Fernbedienung) optional 15 Euro Aufpreis<\/p>\n\n\n\n<p>(f\u00fcr max. 2 Personen und Ausstattung)<\/p>\n\n\n\n<p><\/p>\n\n\n\n<p class=\"has-large-font-size\">Angelboot Hecht<\/p>\n\n\n\n<figure class=\"wp-block-gallery has-nested-images columns-default is-cropped wp-block-gallery-3 is-layout-flex\">\n<figure class=\"wp-block-image size-large\"><img decoding=\"async\" loading=\"lazy\" width=\"962\" height=\"954\" data-id=\"236\"  src=\"http:\/\/bootsverleih-biggesee.de\/wp-content\/uploads\/2022\/03\/image_editor_output_image-21156705-1648664033840.jpg\" alt=\"\" class=\"wp-image-236\" srcset=\"http:\/\/bootsverleih-biggesee.de\/wp-content\/uploads\/2022\/03\/image_editor_output_image-21156705-1648664033840.jpg 962w, http:\/\/bootsverleih-biggesee.de\/wp-content\/uploads\/2022\/03\/image_editor_output_image-21156705-1648664033840-300x298.jpg 300w, http:\/\/bootsverleih-biggesee.de\/wp-content\/uploads\/2022\/03\/image_editor_output_image-21156705-1648664033840-150x150.jpg 150w, http:\/\/bootsverleih-biggesee.de\/wp-content\/uploads\/2022\/03\/image_editor_output_image-21156705-1648664033840-768x762.jpg 768w\" sizes=\"(max-width: 962px) 100vw, 962px\" \/><\/figure>\n\n\n\n<figure class=\"wp-block-image size-large\"><img decoding=\"async\" loading=\"lazy\" width=\"1024\" height=\"769\" data-id=\"235\"  src=\"http:\/\/bootsverleih-biggesee.de\/wp-content\/uploads\/2022\/03\/image_editor_output_image985703368-1648664015557-1024x769.jpg\" alt=\"\" class=\"wp-image-235\" srcset=\"http:\/\/bootsverleih-biggesee.de\/wp-content\/uploads\/2022\/03\/image_editor_output_image985703368-1648664015557-1024x769.jpg 1024w, http:\/\/bootsverleih-biggesee.de\/wp-content\/uploads\/2022\/03\/image_editor_output_image985703368-1648664015557-300x225.jpg 300w, http:\/\/bootsverleih-biggesee.de\/wp-content\/uploads\/2022\/03\/image_editor_output_image985703368-1648664015557-768x577.jpg 768w, http:\/\/bootsverleih-biggesee.de\/wp-content\/uploads\/2022\/03\/image_editor_output_image985703368-1648664015557-1536x1154.jpg 1536w, http:\/\/bootsverleih-biggesee.de\/wp-content\/uploads\/2022\/03\/image_editor_output_image985703368-1648664015557-2048x1538.jpg 2048w\" sizes=\"(max-width: 1024px) 100vw, 1024px\" \/><\/figure>\n<\/figure>\n\n\n\n<p>Das Angelboot &#8222;Hecht&#8220; ist mit einem 55Lbs Elektromotor, Anker, Schleppfahne, 4 Schlepprutenhaltern, 2x 3er Rutenst\u00e4nder und Notpaddel ausgestattet.<\/p>\n\n\n\n<p>pro Tag \u2013 95,00\u20ac (2 Personen)<\/p>\n\n\n\n<p>pro Tag \u2013 120,00\u20ac (3 Personen)<\/p>\n\n\n\n<p>Echolot (Lowrence Humminbird Helix 7) optional&nbsp;15 Euro \/ Frontmotor (Haswing 55lbs mit Fernbedienung) optional 15 Euro Aufpreis<\/p>\n\n\n\n<p>Wir erheben eine Kaution von 200 Euro f\u00fcr ein Angelboot in bar.<\/p>\n\n\n\n<p>(f\u00fcr max 3 Personen und Ausstattung)<\/p>\n\n\n\n<p><\/p>\n\n\n\n<p><\/p>\n\n\n\n<p><\/p>\n\n\n\n<h2 class=\"wp-block-heading has-text-align-center has-large-font-size\">Regeln f\u00fcr die Angel-Bootsvermietung und h\u00e4ufig gestellte Fragen<\/h2>\n\n\n\n<p><strong>Ist ein Boots-F\u00fchrerschein n\u00f6tig ?<\/strong><\/p>\n\n\n\n<p>Die Boote sind f\u00fchrerscheinfrei. Die F\u00e4higkeit zum F\u00fchren des Bootes z.Bsp bei An- und Ablegeman\u00f6vern (auch bei Wind) ist Voraussetzung. Die Angelboote werden nur an Berechtigte mit Angelschein vermietet.<\/p>\n\n\n\n<p><strong>Wo bekommt man den Angel-Tagesschein?<\/strong><\/p>\n\n\n\n<p>Die Angelscheine gibt es online unter&nbsp;<a href=\"http:\/\/www.hejfish.com\/\">www.hejfish.com<\/a><\/p>\n\n\n\n<p><strong>Wie bucht man im voraus ein Angelboot ?<\/strong><\/p>\n\n\n\n<p>Anfragen und Buchungen bitte schriftlich per E-Mail an bootsverleihbiggesee@web.de unter Angabe von kmpl.Anschrift und Mob.Tel Nummer. Die Buchungen sind nach einer Anzahlung verbindlich und die Bootsmiete ist auch bei Nichterscheinen f\u00e4llig. Es werden nur Reservierungen bis 24 Stunden vor Angeltag entgegen genommen.&nbsp;<\/p>\n\n\n\n<p>\u00dcbernahme<\/p>\n\n\n\n<p><strong>Bei eint\u00e4giger Bootsmiete<\/strong><\/p>\n\n\n\n<p>Von April bis Oktober werden die Boote nach vorheriger Absprache von 8:00 Uhr bis 8:30 Uhr herausgegeben, sp\u00e4ter dann zu den angegebenen \u00d6ffnungszeiten.<\/p>\n\n\n\n<p>Die Abgabe ist bis sp\u00e4testens 19:00 Uhr im sauberem Zustand. Bei \u00dcberschreitung der Abgabezeit berechnen wir pauschal pro angefangene Stunde 20 Euro.&nbsp;<\/p>\n\n\n\n<p>Mehrere Tage mieten<\/p>\n\n\n\n<p><strong>Wie bezahlt man seine Bootsmiete ?<\/strong><\/p>\n\n\n\n<p>Bei mehreren Miettagen entscheiden Sie selber wann Sie ablegen oder anlegen. Voraussetzung ist selbstst\u00e4ndig korrektes Festmachen (immer der selbe Liegeplatz) und das Einhalten der Ladezeit von mindestens 6 Stunden f\u00fcr die Batterien. Am ersten- sowie am letzten Tag der Mietung gelten die Zeiten der eint\u00e4tigen Miete.&nbsp;<\/p>\n\n\n\n<p>Der Mietpreis muss morgens vor der \u00dcbernahme in bar bezahlt werden oder im voraus \u00fcberwiesen werden. Elektronische Systeme funktionieren auf einer Steganlage nur bedingt.<\/p>\n\n\n\n<p><strong>Wie ist das mit der Haftung?<\/strong><\/p>\n\n\n\n<p>Der Mieter ist vollumf\u00e4nglich haftbar f\u00fcr alle w\u00e4hrend der Mietzeit entstandenen Sch\u00e4den zum Neupreis wie zum Beispiel:&nbsp;<\/p>\n\n\n\n<p>\u2013 Ankerverlust 75\u20ac, Propeller besch\u00e4digt 50 Euro, Schnur im Antrieb 20\u20ac, Rutenhalterverlust 35 Euro.&nbsp;<\/p>\n\n\n\n<p>Rumpfsch\u00e4den und andere, werden nach Besichtigung berechnet.<\/p>\n\n\n\n<p><strong>Kann die Besatzung getauscht werden ?<\/strong><\/p>\n\n\n\n<p>Ein Wechsel der Besatzung ist nach der Einweisung nicht mehr gestattet, ebenso die Aufnahme weiterer unangemeldeter Personen.<\/p>\n\n\n\n<p><strong>Ist Angeln vom\/am Steg erlaubt ?<\/strong><\/p>\n\n\n\n<p>Das Angeln von der Steganlage , sowie auch vom festgemachten Angelboot ist strengstens verboten!&nbsp;<\/p>\n\n\n\n<p>Wegen Elektrokabeln und Kettenverbindungen sind mindestens 50 Meter Abstand einzuhalten.<\/p>\n\n\n\n<p><strong>Darf man an anderen Stegen anlegen ?<\/strong><\/p>\n\n\n\n<p>Fremde Steganlagen sind tabu. Ebenso ist es nicht erlaubt auf das Ufer aufzufahren. Es f\u00fchrt unweigerlich zu Rumpf und Motorsch\u00e4den.<\/p>\n\n\n\n<p><strong>Wie lange ist die Akkustandzeit ?<\/strong><\/p>\n\n\n\n<p>Bei langsamer Fahrt (Stufe 1 ca. 3kmh) und ruhigem Wetter, reicht die Kapazit\u00e4t f\u00fcr einen normalen Angeltag ca. 7-8 Std. Dauerfahrt. Mit Ruhezustand ohne Motoraktivit\u00e4t, kann man noch ca 1-2 Stunden rausholen. (Wichtig: Alles ist abh\u00e4ngig von Wind, Wellen, Bootsbeladung usw. Jeder Bootsmieter muss umsichtig mit der Kapazit\u00e4t der Batterien umgehen.<\/p>\n\n\n\n<p>Die Ladezeit muss mindestens 6 Stunden betragen !! Zwischenladungen sind verboten und f\u00fchren zur Zerst\u00f6rung der Batterie.&nbsp;<\/p>\n\n\n\n<p><strong>Darf man Hunde mitnehmen ?<\/strong><\/p>\n\n\n\n<p>Unsere vierbeinigen Freunde haben auch Bed\u00fcrfnisse und ein Angeltag ist lang. Da Anlegen an Stegen und an Ufern aber verboten ist ,m\u00fcssen die Hunde leider zuhause bleiben.<\/p>\n\n\n\n<p><strong>Gibt es ein Gewichtslimit?<\/strong><\/p>\n\n\n\n<p>Bei&nbsp;<strong>extrem<\/strong>&nbsp;schwergewichtigen Personen , bitten wir um Verst\u00e4ndnis, dass eine Vermietung der Boote nur nach vorheriger Absprache mit uns erfolgen kann.&nbsp;<\/p>\n\n\n\n<p>Buchungen sind verbindlich. Kostenlose Stornierungen bis 10 Tage vor Anreise, bis 3 Tage vorher 20% der Mietkosten, bei Stornierung oder Nichterscheinen 100 %.<\/p>\n\n\n\n<p><strong>F\u00fcr Reservierungen<\/strong><\/p>\n\n\n\n<p>Telefon: +49171\/2848833<br \/>E-Mail:&nbsp;<a href=\"mailto:bootsverleihsondern@web.de\">bootsverleihbiggesee@web.de<\/a><\/p>\n","protected":false},"excerpt":{"rendered":"<p>Angelfreunde kommen bei uns am Biggesee voll auf ihre Kosten, da dieser reich an Fried- und Raubfischen ist. Um dem<\/p>\n","protected":false},"author":1,"featured_media":0,"parent":0,"menu_order":0,"comment_status":"closed","ping_status":"closed","template":"","meta":[],"_links":{"self":[{"href":"http:\/\/bootsverleih-biggesee.de\/index.php?rest_route=\/wp\/v2\/pages\/58"}],"collection":[{"href":"http:\/\/bootsverleih-biggesee.de\/index.php?rest_route=\/wp\/v2\/pages"}],"about":[{"href":"http:\/\/bootsverleih-biggesee.de\/index.php?rest_route=\/wp\/v2\/types\/page"}],"author":[{"embeddable":true,"href":"http:\/\/bootsverleih-biggesee.de\/index.php?rest_route=\/wp\/v2\/users\/1"}],"replies":[{"embeddable":true,"href":"http:\/\/bootsverleih-biggesee.de\/index.php?rest_route=%2Fwp%2Fv2%2Fcomments&post=58"}],"version-history":[{"count":36,"href":"http:\/\/bootsverleih-biggesee.de\/index.php?rest_route=\/wp\/v2\/pages\/58\/revisions"}],"predecessor-version":[{"id":551,"href":"http:\/\/bootsverleih-biggesee.de\/index.php?rest_route=\/wp\/v2\/pages\/58\/revisions\/551"}],"wp:attachment":[{"href":"http:\/\/bootsverleih-biggesee.de\/index.php?rest_route=%2Fwp%2Fv2%2Fmedia&parent=58"}],"curies":[{"name":"wp","href":"https:\/\/api.w.org\/{rel}","templated":true}]}}