{"id":346,"date":"2023-07-01T20:31:28","date_gmt":"2023-07-01T20:31:28","guid":{"rendered":"http:\/\/bootsverleih-biggesee.de\/?page_id=346"},"modified":"2025-08-08T12:27:20","modified_gmt":"2025-08-08T12:27:20","slug":"sundowner-tour","status":"publish","type":"page","link":"http:\/\/bootsverleih-biggesee.de\/?page_id=346","title":{"rendered":"Sundowner Tour"},"content":{"rendered":"\n<p>F\u00fcr Paare und Familie<\/p>\n\n\n\n<p>3 Stunden 195 Euro<\/p>\n\n\n\n<p>Einfach mal entspannt am Abend in See stechen und den wundersch\u00f6nen Sonnenuntergang&nbsp; auf dem Biggesee genie\u00dfen. Mit den E-Booten und den fl\u00fcsterleisen Motoren h\u00f6rst Du nur die Wellen, die dich sanft \u00fcber das Wasser schaukeln. Eine ganz besondere Romantik in absolut privater Umgebung, nur Du und deine Begleiter mitten auf dem See oder in einer kleinen Bucht. Ein Erlebnis das euch garantiert Entspannung und Ruhe sowie ein absolutes Urlaubsfeeling vermittelt.<\/p>\n\n\n\n<figure class=\"wp-block-image size-large\"><img decoding=\"async\" loading=\"lazy\" width=\"785\" height=\"1024\" src=\"http:\/\/bootsverleih-biggesee.de\/wp-content\/uploads\/2023\/07\/IMG_20230701_213431-2-785x1024.jpg\" alt=\"\" class=\"wp-image-482\" srcset=\"http:\/\/bootsverleih-biggesee.de\/wp-content\/uploads\/2023\/07\/IMG_20230701_213431-2-785x1024.jpg 785w, http:\/\/bootsverleih-biggesee.de\/wp-content\/uploads\/2023\/07\/IMG_20230701_213431-2-230x300.jpg 230w, http:\/\/bootsverleih-biggesee.de\/wp-content\/uploads\/2023\/07\/IMG_20230701_213431-2-768x1001.jpg 768w, http:\/\/bootsverleih-biggesee.de\/wp-content\/uploads\/2023\/07\/IMG_20230701_213431-2-1178x1536.jpg 1178w, http:\/\/bootsverleih-biggesee.de\/wp-content\/uploads\/2023\/07\/IMG_20230701_213431-2-1571x2048.jpg 1571w, http:\/\/bootsverleih-biggesee.de\/wp-content\/uploads\/2023\/07\/IMG_20230701_213431-2-scaled.jpg 1963w\" sizes=\"(max-width: 785px) 100vw, 785px\" \/><\/figure>\n\n\n\n<figure class=\"wp-block-image\"><img decoding=\"async\" loading=\"lazy\" width=\"846\" height=\"1024\" src=\"http:\/\/bootsverleih-biggesee.de\/wp-content\/uploads\/2023\/07\/IMG_20230701_213209-846x1024.jpg\" alt=\"\" class=\"wp-image-479\" srcset=\"http:\/\/bootsverleih-biggesee.de\/wp-content\/uploads\/2023\/07\/IMG_20230701_213209-846x1024.jpg 846w, http:\/\/bootsverleih-biggesee.de\/wp-content\/uploads\/2023\/07\/IMG_20230701_213209-248x300.jpg 248w, http:\/\/bootsverleih-biggesee.de\/wp-content\/uploads\/2023\/07\/IMG_20230701_213209-768x930.jpg 768w, http:\/\/bootsverleih-biggesee.de\/wp-content\/uploads\/2023\/07\/IMG_20230701_213209-1268x1536.jpg 1268w, http:\/\/bootsverleih-biggesee.de\/wp-content\/uploads\/2023\/07\/IMG_20230701_213209-1691x2048.jpg 1691w\" sizes=\"(max-width: 846px) 100vw, 846px\" \/><\/figure>\n\n\n\n<figure class=\"wp-block-image\"><img decoding=\"async\" loading=\"lazy\" width=\"698\" height=\"1024\" src=\"http:\/\/bootsverleih-biggesee.de\/wp-content\/uploads\/2023\/07\/IMG_20230701_213259-698x1024.jpg\" alt=\"\" class=\"wp-image-474\" srcset=\"http:\/\/bootsverleih-biggesee.de\/wp-content\/uploads\/2023\/07\/IMG_20230701_213259-698x1024.jpg 698w, http:\/\/bootsverleih-biggesee.de\/wp-content\/uploads\/2023\/07\/IMG_20230701_213259-205x300.jpg 205w, http:\/\/bootsverleih-biggesee.de\/wp-content\/uploads\/2023\/07\/IMG_20230701_213259-768x1126.jpg 768w, http:\/\/bootsverleih-biggesee.de\/wp-content\/uploads\/2023\/07\/IMG_20230701_213259-1048x1536.jpg 1048w, http:\/\/bootsverleih-biggesee.de\/wp-content\/uploads\/2023\/07\/IMG_20230701_213259-1397x2048.jpg 1397w, http:\/\/bootsverleih-biggesee.de\/wp-content\/uploads\/2023\/07\/IMG_20230701_213259-scaled.jpg 1746w\" sizes=\"(max-width: 698px) 100vw, 698px\" \/><\/figure>\n\n\n\n<p>Die Sundowner Tour kannst Du am besten in den Sommermonaten Juli, August und Anfang September genie\u00dfen, da hier die Temperaturen am Abend auch noch sehr angenehm sind. <\/p>\n\n\n\n<p>Im Preis inbegriffen sind 2 Aper\u00f6lchen oder Secco Mate (Trinkfertig in 0.33l Flaschen ) unseres Partners Moin.Mointz oder eine Flasche 0,7l Leichtmatrose (Rose). Sowie 2 Flaschen Veltins Fassbrause.<\/p>\n\n\n\n<figure class=\"wp-block-image size-large\"><img decoding=\"async\" loading=\"lazy\" width=\"768\" height=\"1024\" src=\"http:\/\/bootsverleih-biggesee.de\/wp-content\/uploads\/2023\/07\/IMG_20230707_205044-768x1024.jpg\" alt=\"\" class=\"wp-image-516\" srcset=\"http:\/\/bootsverleih-biggesee.de\/wp-content\/uploads\/2023\/07\/IMG_20230707_205044-768x1024.jpg 768w, http:\/\/bootsverleih-biggesee.de\/wp-content\/uploads\/2023\/07\/IMG_20230707_205044-225x300.jpg 225w, http:\/\/bootsverleih-biggesee.de\/wp-content\/uploads\/2023\/07\/IMG_20230707_205044-1152x1536.jpg 1152w, http:\/\/bootsverleih-biggesee.de\/wp-content\/uploads\/2023\/07\/IMG_20230707_205044-1536x2048.jpg 1536w, http:\/\/bootsverleih-biggesee.de\/wp-content\/uploads\/2023\/07\/IMG_20230707_205044-scaled.jpg 1920w\" sizes=\"(max-width: 768px) 100vw, 768px\" \/><\/figure>\n\n\n\n<p><\/p>\n\n\n\n<p>Eigene Getr\u00e4nke (au\u00dfer Wasser) sind nicht erlaubt.<\/p>\n\n\n\n<p>Abgelegt wird um 18:30 Uhr und um 21:30 Uhr wieder an der Steganlage festgemacht. 3 Stunden Erholung und ein ganz besonderes Erlebnis.<\/p>\n\n\n\n<p>Eine Reservierungsanfrage f\u00fcr eine exklusiver Sundowner-Tour ist nur schriftlich und bis 24h vor dem Termin unter bootsverleihbiggesee@web.de m\u00f6glich.<\/p>\n\n\n\n<p class=\"has-vivid-cyan-blue-color has-text-color\"><\/p>\n\n\n\n<p><\/p>\n","protected":false},"excerpt":{"rendered":"<p>F\u00fcr Paare und Familie 3 Stunden 195 Euro Einfach mal entspannt am Abend in See stechen und den wundersch\u00f6nen Sonnenuntergang&nbsp;<\/p>\n","protected":false},"author":2,"featured_media":0,"parent":33,"menu_order":0,"comment_status":"closed","ping_status":"closed","template":"","meta":[],"_links":{"self":[{"href":"http:\/\/bootsverleih-biggesee.de\/index.php?rest_route=\/wp\/v2\/pages\/346"}],"collection":[{"href":"http:\/\/bootsverleih-biggesee.de\/index.php?rest_route=\/wp\/v2\/pages"}],"about":[{"href":"http:\/\/bootsverleih-biggesee.de\/index.php?rest_route=\/wp\/v2\/types\/page"}],"author":[{"embeddable":true,"href":"http:\/\/bootsverleih-biggesee.de\/index.php?rest_route=\/wp\/v2\/users\/2"}],"replies":[{"embeddable":true,"href":"http:\/\/bootsverleih-biggesee.de\/index.php?rest_route=%2Fwp%2Fv2%2Fcomments&post=346"}],"version-history":[{"count":11,"href":"http:\/\/bootsverleih-biggesee.de\/index.php?rest_route=\/wp\/v2\/pages\/346\/revisions"}],"predecessor-version":[{"id":578,"href":"http:\/\/bootsverleih-biggesee.de\/index.php?rest_route=\/wp\/v2\/pages\/346\/revisions\/578"}],"up":[{"embeddable":true,"href":"http:\/\/bootsverleih-biggesee.de\/index.php?rest_route=\/wp\/v2\/pages\/33"}],"wp:attachment":[{"href":"http:\/\/bootsverleih-biggesee.de\/index.php?rest_route=%2Fwp%2Fv2%2Fmedia&parent=346"}],"curies":[{"name":"wp","href":"https:\/\/api.w.org\/{rel}","templated":true}]}}